{"id":707,"date":"2023-04-17T16:42:34","date_gmt":"2023-04-17T14:42:34","guid":{"rendered":"https:\/\/piccolofrassino.com\/appartamenti\/"},"modified":"2023-10-08T12:56:53","modified_gmt":"2023-10-08T10:56:53","slug":"wohnungen","status":"publish","type":"page","link":"https:\/\/piccolofrassino.com\/de\/wohnungen\/","title":{"rendered":"Wohnungen"},"content":{"rendered":"<p>Die Piccolo Frassino Villa besteht aus zwei v\u00f6llig unabh\u00e4ngigen Wohnungen, eine auf der unteren Ebene und die zweite auf der oberen Ebene. Beide sind komplett mit Gartenm\u00f6beln und einer gut organisierten K\u00fcche ausgestattet. Ein gemeinsamer Swimmingpool steht zur Verf\u00fcgung und der Parkplatz ist intern reserviert und mit einer elektrischen Ladestation f\u00fcr Elektrofahrzeuge ausgestattet<br \/>\nW\u00e4hlen Ihren Wunschurlaub und buchen Ihren Traumurlaub.<\/p>\n","protected":false},"excerpt":{"rendered":"<p>Die Piccolo Frassino Villa besteht aus zwei v\u00f6llig unabh\u00e4ngigen Wohnungen, eine auf der unteren Ebene und die zweite auf der oberen Ebene. Beide sind komplett mit Gartenm\u00f6beln und einer gut organisierten K\u00fcche ausgestattet. Ein gemeinsamer Swimmingpool steht zur Verf\u00fcgung und der Parkplatz ist intern reserviert und mit einer elektrischen Ladestation f\u00fcr Elektrofahrzeuge ausgestattet W\u00e4hlen Ihren [&hellip;]<\/p>\n","protected":false},"author":1,"featured_media":567,"parent":0,"menu_order":0,"comment_status":"closed","ping_status":"closed","template":"","meta":{"_acf_changed":false,"footnotes":""},"class_list":["post-707","page","type-page","status-publish","has-post-thumbnail","hentry"],"acf":[],"yoast_head":"<!-- This site is optimized with the Yoast SEO plugin v27.4 - https:\/\/yoast.com\/product\/yoast-seo-wordpress\/ -->\n<title>Wohnungen - Piccolo Frassino<\/title>\n<meta name=\"robots\" content=\"index, follow, max-snippet:-1, max-image-preview:large, max-video-preview:-1\" \/>\n<link rel=\"canonical\" href=\"https:\/\/piccolofrassino.com\/de\/wohnungen\/\" \/>\n<meta property=\"og:locale\" content=\"de_DE\" \/>\n<meta property=\"og:type\" content=\"article\" \/>\n<meta property=\"og:title\" content=\"Wohnungen - Piccolo Frassino\" \/>\n<meta property=\"og:description\" content=\"Die Piccolo Frassino Villa besteht aus zwei v\u00f6llig unabh\u00e4ngigen Wohnungen, eine auf der unteren Ebene und die zweite auf der oberen Ebene. Beide sind komplett mit Gartenm\u00f6beln und einer gut organisierten K\u00fcche ausgestattet. Ein gemeinsamer Swimmingpool steht zur Verf\u00fcgung und der Parkplatz ist intern reserviert und mit einer elektrischen Ladestation f\u00fcr Elektrofahrzeuge ausgestattet W\u00e4hlen Ihren [&hellip;]\" \/>\n<meta property=\"og:url\" content=\"https:\/\/piccolofrassino.com\/de\/wohnungen\/\" \/>\n<meta property=\"og:site_name\" content=\"Piccolo Frassino\" \/>\n<meta property=\"article:modified_time\" content=\"2023-10-08T10:56:53+00:00\" \/>\n<meta property=\"og:image\" content=\"https:\/\/piccolofrassino.com\/assets\/uploads\/016.jpg\" \/>\n\t<meta property=\"og:image:width\" content=\"1920\" \/>\n\t<meta property=\"og:image:height\" content=\"1280\" \/>\n\t<meta property=\"og:image:type\" content=\"image\/jpeg\" \/>\n<meta name=\"twitter:card\" content=\"summary_large_image\" \/>\n<meta name=\"twitter:label1\" content=\"Gesch\u00e4tzte Lesezeit\" \/>\n\t<meta name=\"twitter:data1\" content=\"1\u00a0Minute\" \/>\n<script type=\"application\/ld+json\" class=\"yoast-schema-graph\">{\"@context\":\"https:\\\/\\\/schema.org\",\"@graph\":[{\"@type\":\"WebPage\",\"@id\":\"https:\\\/\\\/piccolofrassino.com\\\/de\\\/wohnungen\\\/\",\"url\":\"https:\\\/\\\/piccolofrassino.com\\\/de\\\/wohnungen\\\/\",\"name\":\"Wohnungen - Piccolo Frassino\",\"isPartOf\":{\"@id\":\"https:\\\/\\\/piccolofrassino.com\\\/de\\\/#website\"},\"primaryImageOfPage\":{\"@id\":\"https:\\\/\\\/piccolofrassino.com\\\/de\\\/wohnungen\\\/#primaryimage\"},\"image\":{\"@id\":\"https:\\\/\\\/piccolofrassino.com\\\/de\\\/wohnungen\\\/#primaryimage\"},\"thumbnailUrl\":\"https:\\\/\\\/piccolofrassino.com\\\/assets\\\/uploads\\\/016.jpg\",\"datePublished\":\"2023-04-17T14:42:34+00:00\",\"dateModified\":\"2023-10-08T10:56:53+00:00\",\"breadcrumb\":{\"@id\":\"https:\\\/\\\/piccolofrassino.com\\\/de\\\/wohnungen\\\/#breadcrumb\"},\"inLanguage\":\"de\",\"potentialAction\":[{\"@type\":\"ReadAction\",\"target\":[\"https:\\\/\\\/piccolofrassino.com\\\/de\\\/wohnungen\\\/\"]}]},{\"@type\":\"ImageObject\",\"inLanguage\":\"de\",\"@id\":\"https:\\\/\\\/piccolofrassino.com\\\/de\\\/wohnungen\\\/#primaryimage\",\"url\":\"https:\\\/\\\/piccolofrassino.com\\\/assets\\\/uploads\\\/016.jpg\",\"contentUrl\":\"https:\\\/\\\/piccolofrassino.com\\\/assets\\\/uploads\\\/016.jpg\",\"width\":1920,\"height\":1280},{\"@type\":\"BreadcrumbList\",\"@id\":\"https:\\\/\\\/piccolofrassino.com\\\/de\\\/wohnungen\\\/#breadcrumb\",\"itemListElement\":[{\"@type\":\"ListItem\",\"position\":1,\"name\":\"Home\",\"item\":\"https:\\\/\\\/piccolofrassino.com\\\/de\\\/home\\\/\"},{\"@type\":\"ListItem\",\"position\":2,\"name\":\"Wohnungen\"}]},{\"@type\":\"WebSite\",\"@id\":\"https:\\\/\\\/piccolofrassino.com\\\/de\\\/#website\",\"url\":\"https:\\\/\\\/piccolofrassino.com\\\/de\\\/\",\"name\":\"Piccolo Frassino\",\"description\":\"Locazione turistica nel cuore della Lessinia\",\"publisher\":{\"@id\":\"https:\\\/\\\/piccolofrassino.com\\\/de\\\/#organization\"},\"potentialAction\":[{\"@type\":\"SearchAction\",\"target\":{\"@type\":\"EntryPoint\",\"urlTemplate\":\"https:\\\/\\\/piccolofrassino.com\\\/de\\\/?s={search_term_string}\"},\"query-input\":{\"@type\":\"PropertyValueSpecification\",\"valueRequired\":true,\"valueName\":\"search_term_string\"}}],\"inLanguage\":\"de\"},{\"@type\":\"Organization\",\"@id\":\"https:\\\/\\\/piccolofrassino.com\\\/de\\\/#organization\",\"name\":\"Piccolo Frassino\",\"url\":\"https:\\\/\\\/piccolofrassino.com\\\/de\\\/\",\"logo\":{\"@type\":\"ImageObject\",\"inLanguage\":\"de\",\"@id\":\"https:\\\/\\\/piccolofrassino.com\\\/de\\\/#\\\/schema\\\/logo\\\/image\\\/\",\"url\":\"https:\\\/\\\/piccolofrassino.com\\\/assets\\\/uploads\\\/logo.svg\",\"contentUrl\":\"https:\\\/\\\/piccolofrassino.com\\\/assets\\\/uploads\\\/logo.svg\",\"width\":1,\"height\":1,\"caption\":\"Piccolo Frassino\"},\"image\":{\"@id\":\"https:\\\/\\\/piccolofrassino.com\\\/de\\\/#\\\/schema\\\/logo\\\/image\\\/\"}}]}<\/script>\n<!-- \/ Yoast SEO plugin. -->","yoast_head_json":{"title":"Wohnungen - Piccolo Frassino","robots":{"index":"index","follow":"follow","max-snippet":"max-snippet:-1","max-image-preview":"max-image-preview:large","max-video-preview":"max-video-preview:-1"},"canonical":"https:\/\/piccolofrassino.com\/de\/wohnungen\/","og_locale":"de_DE","og_type":"article","og_title":"Wohnungen - Piccolo Frassino","og_description":"Die Piccolo Frassino Villa besteht aus zwei v\u00f6llig unabh\u00e4ngigen Wohnungen, eine auf der unteren Ebene und die zweite auf der oberen Ebene. Beide sind komplett mit Gartenm\u00f6beln und einer gut organisierten K\u00fcche ausgestattet. Ein gemeinsamer Swimmingpool steht zur Verf\u00fcgung und der Parkplatz ist intern reserviert und mit einer elektrischen Ladestation f\u00fcr Elektrofahrzeuge ausgestattet W\u00e4hlen Ihren [&hellip;]","og_url":"https:\/\/piccolofrassino.com\/de\/wohnungen\/","og_site_name":"Piccolo Frassino","article_modified_time":"2023-10-08T10:56:53+00:00","og_image":[{"width":1920,"height":1280,"url":"https:\/\/piccolofrassino.com\/assets\/uploads\/016.jpg","type":"image\/jpeg"}],"twitter_card":"summary_large_image","twitter_misc":{"Gesch\u00e4tzte Lesezeit":"1\u00a0Minute"},"schema":{"@context":"https:\/\/schema.org","@graph":[{"@type":"WebPage","@id":"https:\/\/piccolofrassino.com\/de\/wohnungen\/","url":"https:\/\/piccolofrassino.com\/de\/wohnungen\/","name":"Wohnungen - Piccolo Frassino","isPartOf":{"@id":"https:\/\/piccolofrassino.com\/de\/#website"},"primaryImageOfPage":{"@id":"https:\/\/piccolofrassino.com\/de\/wohnungen\/#primaryimage"},"image":{"@id":"https:\/\/piccolofrassino.com\/de\/wohnungen\/#primaryimage"},"thumbnailUrl":"https:\/\/piccolofrassino.com\/assets\/uploads\/016.jpg","datePublished":"2023-04-17T14:42:34+00:00","dateModified":"2023-10-08T10:56:53+00:00","breadcrumb":{"@id":"https:\/\/piccolofrassino.com\/de\/wohnungen\/#breadcrumb"},"inLanguage":"de","potentialAction":[{"@type":"ReadAction","target":["https:\/\/piccolofrassino.com\/de\/wohnungen\/"]}]},{"@type":"ImageObject","inLanguage":"de","@id":"https:\/\/piccolofrassino.com\/de\/wohnungen\/#primaryimage","url":"https:\/\/piccolofrassino.com\/assets\/uploads\/016.jpg","contentUrl":"https:\/\/piccolofrassino.com\/assets\/uploads\/016.jpg","width":1920,"height":1280},{"@type":"BreadcrumbList","@id":"https:\/\/piccolofrassino.com\/de\/wohnungen\/#breadcrumb","itemListElement":[{"@type":"ListItem","position":1,"name":"Home","item":"https:\/\/piccolofrassino.com\/de\/home\/"},{"@type":"ListItem","position":2,"name":"Wohnungen"}]},{"@type":"WebSite","@id":"https:\/\/piccolofrassino.com\/de\/#website","url":"https:\/\/piccolofrassino.com\/de\/","name":"Piccolo Frassino","description":"Locazione turistica nel cuore della Lessinia","publisher":{"@id":"https:\/\/piccolofrassino.com\/de\/#organization"},"potentialAction":[{"@type":"SearchAction","target":{"@type":"EntryPoint","urlTemplate":"https:\/\/piccolofrassino.com\/de\/?s={search_term_string}"},"query-input":{"@type":"PropertyValueSpecification","valueRequired":true,"valueName":"search_term_string"}}],"inLanguage":"de"},{"@type":"Organization","@id":"https:\/\/piccolofrassino.com\/de\/#organization","name":"Piccolo Frassino","url":"https:\/\/piccolofrassino.com\/de\/","logo":{"@type":"ImageObject","inLanguage":"de","@id":"https:\/\/piccolofrassino.com\/de\/#\/schema\/logo\/image\/","url":"https:\/\/piccolofrassino.com\/assets\/uploads\/logo.svg","contentUrl":"https:\/\/piccolofrassino.com\/assets\/uploads\/logo.svg","width":1,"height":1,"caption":"Piccolo Frassino"},"image":{"@id":"https:\/\/piccolofrassino.com\/de\/#\/schema\/logo\/image\/"}}]}},"_links":{"self":[{"href":"https:\/\/piccolofrassino.com\/de\/wp-json\/wp\/v2\/pages\/707","targetHints":{"allow":["GET"]}}],"collection":[{"href":"https:\/\/piccolofrassino.com\/de\/wp-json\/wp\/v2\/pages"}],"about":[{"href":"https:\/\/piccolofrassino.com\/de\/wp-json\/wp\/v2\/types\/page"}],"author":[{"embeddable":true,"href":"https:\/\/piccolofrassino.com\/de\/wp-json\/wp\/v2\/users\/1"}],"replies":[{"embeddable":true,"href":"https:\/\/piccolofrassino.com\/de\/wp-json\/wp\/v2\/comments?post=707"}],"version-history":[{"count":8,"href":"https:\/\/piccolofrassino.com\/de\/wp-json\/wp\/v2\/pages\/707\/revisions"}],"predecessor-version":[{"id":831,"href":"https:\/\/piccolofrassino.com\/de\/wp-json\/wp\/v2\/pages\/707\/revisions\/831"}],"wp:featuredmedia":[{"embeddable":true,"href":"https:\/\/piccolofrassino.com\/de\/wp-json\/wp\/v2\/media\/567"}],"wp:attachment":[{"href":"https:\/\/piccolofrassino.com\/de\/wp-json\/wp\/v2\/media?parent=707"}],"curies":[{"name":"wp","href":"https:\/\/api.w.org\/{rel}","templated":true}]}}

<p>Die Piccolo Frassino Villa besteht aus zwei völlig unabhängigen Wohnungen, eine auf der unteren Ebene und die zweite auf der oberen Ebene. Beide sind komplett mit Gartenmöbeln und einer gut organisierten Küche ausgestattet. Ein gemeinsamer Swimmingpool steht zur Verfügung und der Parkplatz ist intern reserviert und mit einer elektrischen Ladestation für Elektrofahrzeuge ausgestattet<br />
Wählen Ihren Wunschurlaub und buchen Ihren Traumurlaub.</p>

<p>Die Piccolo Frassino Villa besteht aus zwei völlig unabhängigen Wohnungen, eine auf der unteren Ebene und die zweite auf der oberen Ebene. Beide sind komplett mit Gartenmöbeln und einer gut organisierten Küche ausgestattet. Ein gemeinsamer Swimmingpool steht zur Verfügung und der Parkplatz ist intern reserviert und mit einer elektrischen Ladestation für Elektrofahrzeuge ausgestattet Wählen Ihren [&hellip;]</p>

<!-- This site is optimized with the Yoast SEO plugin v27.4 - https://yoast.com/product/yoast-seo-wordpress/ -->
<title>Wohnungen - Piccolo Frassino</title>
<meta name="robots" content="index, follow, max-snippet:-1, max-image-preview:large, max-video-preview:-1" />
<link rel="canonical" href="https://piccolofrassino.com/de/wohnungen/" />
<meta property="og:locale" content="de_DE" />
<meta property="og:type" content="article" />
<meta property="og:title" content="Wohnungen - Piccolo Frassino" />
<meta property="og:description" content="Die Piccolo Frassino Villa besteht aus zwei völlig unabhängigen Wohnungen, eine auf der unteren Ebene und die zweite auf der oberen Ebene. Beide sind komplett mit Gartenmöbeln und einer gut organisierten Küche ausgestattet. Ein gemeinsamer Swimmingpool steht zur Verfügung und der Parkplatz ist intern reserviert und mit einer elektrischen Ladestation für Elektrofahrzeuge ausgestattet Wählen Ihren [&hellip;]" />
<meta property="og:url" content="https://piccolofrassino.com/de/wohnungen/" />
<meta property="og:site_name" content="Piccolo Frassino" />
<meta property="article:modified_time" content="2023-10-08T10:56:53+00:00" />
<meta property="og:image" content="https://piccolofrassino.com/assets/uploads/016.jpg" />
	<meta property="og:image:width" content="1920" />
	<meta property="og:image:height" content="1280" />
	<meta property="og:image:type" content="image/jpeg" />
<meta name="twitter:card" content="summary_large_image" />
<meta name="twitter:label1" content="Geschätzte Lesezeit" />
	<meta name="twitter:data1" content="1 Minute" />
<script type="application/ld+json" class="yoast-schema-graph">{"@context":"https:\/\/schema.org","@graph":[{"@type":"WebPage","@id":"https:\/\/piccolofrassino.com\/de\/wohnungen\/","url":"https:\/\/piccolofrassino.com\/de\/wohnungen\/","name":"Wohnungen - Piccolo Frassino","isPartOf":{"@id":"https:\/\/piccolofrassino.com\/de\/#website"},"primaryImageOfPage":{"@id":"https:\/\/piccolofrassino.com\/de\/wohnungen\/#primaryimage"},"image":{"@id":"https:\/\/piccolofrassino.com\/de\/wohnungen\/#primaryimage"},"thumbnailUrl":"https:\/\/piccolofrassino.com\/assets\/uploads\/016.jpg","datePublished":"2023-04-17T14:42:34+00:00","dateModified":"2023-10-08T10:56:53+00:00","breadcrumb":{"@id":"https:\/\/piccolofrassino.com\/de\/wohnungen\/#breadcrumb"},"inLanguage":"de","potentialAction":[{"@type":"ReadAction","target":["https:\/\/piccolofrassino.com\/de\/wohnungen\/"]}]},{"@type":"ImageObject","inLanguage":"de","@id":"https:\/\/piccolofrassino.com\/de\/wohnungen\/#primaryimage","url":"https:\/\/piccolofrassino.com\/assets\/uploads\/016.jpg","contentUrl":"https:\/\/piccolofrassino.com\/assets\/uploads\/016.jpg","width":1920,"height":1280},{"@type":"BreadcrumbList","@id":"https:\/\/piccolofrassino.com\/de\/wohnungen\/#breadcrumb","itemListElement":[{"@type":"ListItem","position":1,"name":"Home","item":"https:\/\/piccolofrassino.com\/de\/home\/"},{"@type":"ListItem","position":2,"name":"Wohnungen"}]},{"@type":"WebSite","@id":"https:\/\/piccolofrassino.com\/de\/#website","url":"https:\/\/piccolofrassino.com\/de\/","name":"Piccolo Frassino","description":"Locazione turistica nel cuore della Lessinia","publisher":{"@id":"https:\/\/piccolofrassino.com\/de\/#organization"},"potentialAction":[{"@type":"SearchAction","target":{"@type":"EntryPoint","urlTemplate":"https:\/\/piccolofrassino.com\/de\/?s={search_term_string}"},"query-input":{"@type":"PropertyValueSpecification","valueRequired":true,"valueName":"search_term_string"}}],"inLanguage":"de"},{"@type":"Organization","@id":"https:\/\/piccolofrassino.com\/de\/#organization","name":"Piccolo Frassino","url":"https:\/\/piccolofrassino.com\/de\/","logo":{"@type":"ImageObject","inLanguage":"de","@id":"https:\/\/piccolofrassino.com\/de\/#\/schema\/logo\/image\/","url":"https:\/\/piccolofrassino.com\/assets\/uploads\/logo.svg","contentUrl":"https:\/\/piccolofrassino.com\/assets\/uploads\/logo.svg","width":1,"height":1,"caption":"Piccolo Frassino"},"image":{"@id":"https:\/\/piccolofrassino.com\/de\/#\/schema\/logo\/image\/"}}]}</script>
<!-- / Yoast SEO plugin. -->

Die Piccolo Frassino Villa besteht aus zwei völlig unabhängigen Wohnungen, eine auf der unteren Ebene und die zweite auf der oberen Ebene. Beide sind komplett mit Gartenmöbeln und einer gut organisierten Küche ausgestattet. Ein gemeinsamer Swimmingpool steht zur Verfügung und der Parkplatz ist intern reserviert und mit einer elektrischen Ladestation für Elektrofahrzeuge ausgestattet Wählen Ihren [&hellip;]
